{"id":514,"date":"2017-01-02T06:15:31","date_gmt":"2017-01-02T06:15:31","guid":{"rendered":"https:\/\/sites.berry.edu\/dslade\/?page_id=514"},"modified":"2017-01-02T06:15:31","modified_gmt":"2017-01-02T06:15:31","slug":"research","status":"publish","type":"page","link":"https:\/\/sites.berry.edu\/dslade\/research\/","title":{"rendered":"Scholarly Publications and Presentations"},"content":{"rendered":"<p><strong>Peer-Reviewed Publications<\/strong><\/p>\n<ul>\n<li>Slade, David F. &#8220;Los Archivos de las Indias: Seville and Mexico City.&#8221; In &#8220;Stories from the Archives&#8221; by David T. Gies et al.\u00a0<em>Dieciocho: Hispanic Enlightenment<\/em> 39.2 (Fall 2016). Online.<\/li>\n<li>Slade, David F. and Jerry M. Williams. <em><u>Lima fundada<\/u><\/em><em> by Pedro de Peralta Barnuevo, a critical edition<\/em>.\u00a0 Forthcoming (January 2017) from the North Carolina University Press (North Carolina Studies in the Romance Languages and Literatures). <a href=\"http:\/\/uncpress.unc.edu\/browse\/book_detail?title_id=3833\">http:\/\/uncpress.unc.edu\/browse\/book_detail?title_id=3833<\/a><\/li>\n<li>Slade, David F. \u201cAn imperial knowledge space for Bourbon Spain: Juan Bautista Mu\u00f1oz and the founding of the Archivo General de Indias.\u201d <em>Colonial Latin American Review <\/em>20.2 (August 2011): 195-212.<\/li>\n<li>Slade, David F. <em>Culturas Latinoamericanas<\/em>. Asheville: Soomo Publishing, 2009-2015. \u00a0Online.<\/li>\n<li>Slade, David F. \u201cImagining from Within: Archives, History, and Ibero-American Enlightenment Discourse.\u201d <em>Lumi\u00e8res et Histoire \/ Enlightenment and History<\/em>. Tristan Coignard, Peggy Davis, and Alicia C. Montoya, eds. Paris: Editions Honor\u00e9 Champion, 2010. 193-213.<\/li>\n<li>Slade, David F., Jerry M. Williams, and Pedro de Peralta Barnuevo. <em>Bajo el Cielo Peruano: The Devout World of Peralta Barnuevo: La Galer\u00eda de la Omnipotencia and Pasi\u00f3n y Triunfo de Christo<\/em>. Chapel Hill: University of North Carolina Press, 2008.<\/li>\n<li>Slade, David F. and Karen Stolley. \u201cOn the <em>Brev\u00edsima relaci\u00f3n<\/em>\u2019s \u2018Black Legends\u2019:\u00a0 Eighteenth-Century Texts and Contexts.\u201d <em>Approaches to Teaching the Writings of Bartolom\u00e9 de las Casas<\/em>. Eds. Santa Arias and Eyda M. Merediz<strong>. <\/strong>New York: Modern Language Association, 2008. 92-98.<\/li>\n<li>Slade, David F. \u201c<em>La galer\u00eda de la omnipotencia<\/em> de Peralta Barnuevo: <em>imitatio <\/em>y conquista en el certamen po\u00e9tico.\u201d <em>Dieciocho: Hisp<\/em><em>anic Enlightenment <\/em>2 (Fall 2004).\u00a0 277-287.<\/li>\n<\/ul>\n<p><strong>\u00a0<\/strong><\/p>\n<p><strong>Doctoral Dissertation <\/strong><\/p>\n<ol start=\"2005\">\n<li>\u201cEnlightened Archi-Textures: Founding Colonial Archives in the Hispanic Eighteenth Century.\u201d Emory University. 333 pp. (Advisor: Karen Stolley, Ph.D.)<\/li>\n<\/ol>\n<p>&nbsp;<\/p>\n<p><strong>Book Reviews<\/strong><\/p>\n<ul>\n<li>of <em>Hesitancy and Experimentation in Enlightenment Spain and Spanish America: Studies on Culture and Theatre in Memory of I. L. McClelland<\/em>, by Ann L. Mackenzie and Jeremy Robbins. Forthcoming in the <em>Eighteenth-Century Current Bibliography<\/em>.<\/li>\n<li>of <em>Early Bourbon Spanish America: Politics and Society in a Forgotten Era (1700\u20131759) <\/em>by Francisco Eissa-Barroso and Ainara V\u00e1zquez Varela. \u00a0<em>Bulletin of Spanish Studies: Hispanic Studies and Researches on Spain, Portugal and Latin America<\/em>.\u00a022 June 2016: 31-33. Online.<\/li>\n<li>of F. Gal\u00e1n, Carmen, intro. and Ed. <em>Obelisco para el ocaso de un pr\u00edncipe<\/em>. <em>Dieciocho: Hispanic Enlightenment<\/em>. 36.1 (Spring 2013).<\/li>\n<li>of <em>La guerra de conciencias: monarqu\u00eda o independencias en el mundo hisp\u00e1nico y lusitano<\/em>, edited by Milena Kroprivitza et al. <em>Dieciocho: Hispanic Enlightenment<\/em>. 35.2 (Fall 2012): 452-455.<\/li>\n<li>of <em>El Siglo Ilustrado. Vida de Don Guindo Cerezo<\/em>.\u00a0 Michel Dubuis and Mar\u00eda Isabel Ter\u00e1n Elizondo, by don Justo Vera de la Ventosa, eds. <em>Dieciocho: Hispanic Enlightenment<\/em>. 34.2 (Fall 2011).<\/li>\n<li>of <em>Enlightened Reform in Southern Europe and its Atlantic Colonies, c. 1750-1830<\/em>, edited by Gabriel Paquette. <em>Dieciocho: Hispanic Enlightenment<\/em>. 34.1 (Spring 2011): 190-192.<\/li>\n<li>of <em>Los jesuitas espa\u00f1oles expulsos: Su imagen y su contribuci\u00f3n al saber sobre el mundo hisp\u00e1nico en la Europa del siglo XVIII<\/em>, edited by Manfred Tietz, collaboration by Dietrick Briesemeister. <em>Eighteenth-Century Book Reviews Online<\/em>, 2008. &lt;http:\/\/www.csulb.edu\/colleges\/cla\/ebro\/?p=29&gt;.<\/li>\n<li>of <em>M\u00e1rtires y anticristos: An\u00e1lisis bibiogr\u00e1fico sobre la Revoluci\u00f3n Francesa en Espa\u00f1a<\/em>, by Yvonne Fuentes. <em>Eighteenth-Century Book Reviews Online<\/em>, 2007. &lt;http:\/\/www.csulb.edu\/colleges\/cla\/ebro\/?p=457&gt;.<\/li>\n<li>of <em>Decolonizing the Sodomite: Queer Tropes of Sexuality in Colonial Andean Culture<\/em>, by Michael J. Horswell. <em>Dieciocho: Hispanic Enlightenment<\/em> 29.2 (Fall, 2006): 303-305.<\/li>\n<\/ul>\n<p><strong>\u00a0<\/strong><\/p>\n<p><strong>Conference Activity<\/strong><\/p>\n<ul>\n<li>\u201cBerry College Social Entrepreneurship Collaboration: Student, Community, Faculty, Staff.\u201d Presentation at the 2016 Sullivan Foundation Faculty Summit. Raleigh, North Carolina. 8 \u2013 10 April 2016.<\/li>\n<li>\u201cLos Archivos de las Indias: Mexico City and Sevilla.\u201d Stories from the Ibero-American Archives. American Society for Eighteenth-Century Studies Annual Meeting. Pittsburgh. 31 March \u2013 3 April 2016.<\/li>\n<li>\u201cSocial Entrepreneurship.\u201d Co-presented with Berry alumnus Nai Oo. Spark: Entrepreneurial Conference. Berry College Student Enterprises. 6 February 2016.<\/li>\n<li>\u201cSocial Entrepreneurship.\u201d Co-presented with Berry alumna Sydney Hulebak. Spark: Entrepreneurial Conference. Berry College Student Enterprises. February 2015.<\/li>\n<li>\u201cRecipe Collections as <em>Criollo <\/em>Archives of late Eighteenth-Century New Spain.\u201d Farm to Table in the Eighteenth Century: Slow Food in the Americas. American Society for Eighteenth-Century Studies Annual Meeting. Williamsburg, Virginia. 20-23 March 2014.<\/li>\n<li>\u201cBuffon as ambivalent interlocutor in Clavigero\u2019s <em>Historia antigua de M\u00e9xico.<\/em>\u201d Buffon: The Americas Write Back. American Society for Eighteenth-Century Studies Annual Meeting.\u00a0 Cleveland, Ohio. 4-7 April 2013.<\/li>\n<li>\u201cTeaching and Building the Digital Archive in Eighteenth-Century Spanish American Studies.\u201d American Society for Eighteenth-Century Studies Annual Meeting.\u00a0 San Antonio, Texas. 22-24 March 2012.<\/li>\n<li>\u201cCollaborating Beyond the Borders: Creative Community Partnership in Guanacaste, Costa Rica.\u201d Gulf-South Summit: Civic Engagement for our Changing Communities. Roanoke, Virginia. 2-4 March 2011.<\/li>\n<li>\u201cCulture 2.0: Teaching Latin American Culture with Dynamic Web Resources.\u201d American Council on the Teaching of Foreign Languages Annual Convention and World Languages Expo. Boston, Mass. 19-21 November 2010.<\/li>\n<li>\u201cMonsters in Viceregal Peru: Peralta Barnuevo\u2019s <em>Desv\u00edos de la naturaleza. <\/em><em>O tratado del origen de los monstruos<\/em> (1695).\u201d To Be or Not To Be: Monsters, Mutants and Morphs in the Eighteenth Century. American Society for Eighteenth-Century Studies Annual Meeting.\u00a0 Albuquerque, New Mexico. 18-21 March 2010.<\/li>\n<li>\u201c<em>Culturas Latinoamericanas<\/em>: Teaching Culture from the Digital Archive.\u201d Pedagogy IV: New Approaches to Teaching Culture Courses in Spanish. The 59<sup>th<\/sup> Annual Mountain Interstate Foreign Language Conference.\u00a0 Furman University. Greenville, South Carolina.\u00a0 8-10 October 2009.<\/li>\n<li>\u201cAround the World in 39 Volumes: Representations of Empire in Pedro Estala&#8217;s <em>Viagero Universal<\/em> (1795-1801).\u201d Translating the Colonial World in Eighteenth-Century Encyclopedias. American Society for Eighteenth-Century Studies Annual Meeting. Portland, Oregon. 27-30 March 2008.<\/li>\n<li>Panel organizer and chair for \u201cIbero-America in the Global Eighteenth Century-I.\u201d South Atlantic Modern Language Association Annual Convention. Renaissance Atlanta Hotel Downtown, Atlanta, Georgia. 9-11 November 2007.<\/li>\n<li>\u201cArchival Hierarchies: Contending for the New World in Late Eighteenth-Century Spain.\u201d American Society for Eighteenth-Century Studies Convention.\u00a0 Montreal, Canada. 1 April 2006.<\/li>\n<li>\u201cReading Colonial Archives in Eighteenth-Century Mexico.\u201d Latin American Studies Association Convention.\u00a0 San Juan, Puerto Rico. 15 March 2006.<\/li>\n<li>\u201cMariano Veytia as <em>criollo<\/em> archivist of the Mexican Enlightenment.\u201d South Atlantic Modern Language Association Convention. Atlanta, Georgia.\u00a0 3-5 November 2005.<\/li>\n<li>\u201cEnlightened textualities of the colonial archive: The <em>Archivo General de Indias<\/em>.\u201d Modern Language Association Convention. Philadelphia, Penn. <em>28 December 2004. <\/em><\/li>\n<li>\u201cPoetic jousting in New Spain\u2019s viceregal court: Sor Juana\u2019s \u2018triumph\u2019 in Sig\u00fcenza y G\u00f3ngora\u2019s <em>Triumpho Parth\u00e9nico <\/em>(1683).\u201d South Atlantic Modern Language Association Convention, Roanoke, Virginia. <em>12 November 2004. <\/em><\/li>\n<li>\u201cScottish-Hispanic dialogues on the eighteenth-century history of the Americas.\u201d Beyond Colonial Studies: An Inter-American Encounter. Providence, Rhode Island. <em>6 November 2004. <\/em><\/li>\n<li>\u201cImitation and Conquest: Peralta Barnuevo\u2019s <em>Galer\u00eda de la omnipotencia<\/em>.\u201d Kentucky Foreign Language Conference. University of Kentucky, Lexington. <em>16 April 2004<\/em><em>. <\/em><\/li>\n<li>\u201cThe <em>Archivo General de Indias <\/em>: Intersection of Text and Project in the Late Eighteenth-Century Hispanic Enlightenment.\u201d Annual Meeting of the American Society for Eighteenth-Century Studies. Boston, Mass. <em>27 March 2004<\/em><em>.<\/em><\/li>\n<li>\u201c\u2018Deambulando\u2019 por un cuento de Alberto Fuguet.\u201d Kentucky Foreign Language Conference. University of Kentucky, Lexington. <em>18 April 2002<\/em><em>.<\/em><\/li>\n<li>Panel Chair. \u201cGraduate Student Symposium I: Latin American Literature from Colonial to Postmodern Times I.\u201d Kentucky Foreign Language Conference. University of Kentucky, Lexington. <em>26 April 2001<\/em><em>. <\/em><\/li>\n<li>\u201cEcos de Bol\u00edvar en la ret\u00f3rica de Hugo Ch\u00e1vez.\u201d Charles F. Fraker Conference. University of Michigan, Ann Arbor. <em>1 April 2000<\/em><em>. <\/em><\/li>\n<\/ul>\n","protected":false},"excerpt":{"rendered":"<p>Peer-Reviewed Publications Slade, David F. &#8220;Los Archivos de las Indias: Seville and Mexico City.&#8221; In &#8220;Stories from the Archives&#8221; by David T. Gies et al.\u00a0Dieciocho: Hispanic Enlightenment 39.2 (Fall 2016). &hellip; <a href=\"https:\/\/sites.berry.edu\/dslade\/research\/\" class=\"more-link\">Continue reading <span class=\"screen-reader-text\">Scholarly Publications and Presentations<\/span> <span class=\"meta-nav\">&rarr;<\/span><\/a><\/p>\n","protected":false},"author":18,"featured_media":515,"parent":0,"menu_order":0,"comment_status":"closed","ping_status":"closed","template":"","meta":{"footnotes":""},"class_list":["post-514","page","type-page","status-publish","has-post-thumbnail","hentry"],"_links":{"self":[{"href":"https:\/\/sites.berry.edu\/dslade\/wp-json\/wp\/v2\/pages\/514","targetHints":{"allow":["GET"]}}],"collection":[{"href":"https:\/\/sites.berry.edu\/dslade\/wp-json\/wp\/v2\/pages"}],"about":[{"href":"https:\/\/sites.berry.edu\/dslade\/wp-json\/wp\/v2\/types\/page"}],"author":[{"embeddable":true,"href":"https:\/\/sites.berry.edu\/dslade\/wp-json\/wp\/v2\/users\/18"}],"replies":[{"embeddable":true,"href":"https:\/\/sites.berry.edu\/dslade\/wp-json\/wp\/v2\/comments?post=514"}],"version-history":[{"count":1,"href":"https:\/\/sites.berry.edu\/dslade\/wp-json\/wp\/v2\/pages\/514\/revisions"}],"predecessor-version":[{"id":517,"href":"https:\/\/sites.berry.edu\/dslade\/wp-json\/wp\/v2\/pages\/514\/revisions\/517"}],"wp:featuredmedia":[{"embeddable":true,"href":"https:\/\/sites.berry.edu\/dslade\/wp-json\/wp\/v2\/media\/515"}],"wp:attachment":[{"href":"https:\/\/sites.berry.edu\/dslade\/wp-json\/wp\/v2\/media?parent=514"}],"curies":[{"name":"wp","href":"https:\/\/api.w.org\/{rel}","templated":true}]}}